, 44623
List the prime factors of 174509396.
2, 149, 292801
What are the prime factors of 10299352?
2, 7, 183917
List the prime factors of 650638149.
3, 7, 89, 337, 1033
List the prime factors of 223675764.
2, 3, 13, 1433819
List the prime factors of 237422449.
11, 29, 6151
List the prime factors of 7609551634.
2, 1951, 1950167
What are the prime factors of 27441512?
2, 7, 193, 2539
What are the prime factors of 311552772?
2, 3, 25962731
List the prime factors of 60484147.
17, 409, 8699
What are the prime factors of 415782447?
3, 17, 31, 409, 643
What are the prime factors of 58418644?
2, 29, 503609
List the prime factors of 294358535.
5, 1061, 55487
List the prime factors of 157190731.
97, 1620523
What are the prime factors of 4638358725?
3, 5, 7, 11, 13, 31, 1993
What are the prime factors of 64610052?
2, 3, 13, 31859
What are the prime factors of 56019931?
11, 5092721
What are the prime factors of 249862865?
5, 7, 977, 7307
What are the prime factors of 67301332?
2, 7, 2403619
What are the prime factors of 94281294?
2, 3, 109, 144161
List the prime factors of 924367254.
2, 3, 5653, 27253
What are the prime factors of 75539113?
13, 29, 15413
What are the prime factors of 71280817?
71280817
List the prime factors of 109094959.
5693, 19163
List the prime factors of 1532204305.
5, 17, 1060349
What are the prime factors of 41133325?
5, 59, 79, 353
List the prime factors of 147999472.
2, 9249967
What are the prime factors of 605067332?
2, 17, 547, 16267
List the prime factors of 1362106019.
809, 1683691
What are the prime factors of 301051807?
7, 23, 41, 59, 773
What are the prime factors of 585036230?
2, 5, 37, 479, 3301
List the prime factors of 71766815.
5, 14353363
List the prime factors of 37152099.
3, 53, 71, 1097
List the prime factors of 25263912.
2, 3, 1052663
List the prime factors of 27114396.
2, 3, 439, 5147
What are the prime factors of 55723038?
2, 3, 7, 1326739
List the prime factors of 2836817573.
2836817573
What are the prime factors of 713486730?
2, 3, 5, 11, 773, 2797
List the prime factors of 73343537.
2833, 25889
What are the prime factors of 187532765?
5, 7, 1483, 3613
What are the prime factors of 569189902?
2, 29, 61, 160879
List the prime factors of 211943678.
2, 41, 2584679
List the prime factors of 5236445263.
7, 47, 15916247
What are the prime factors of 1900679300?
2, 5, 13, 1462061
List the prime factors of 234484776.
2, 3, 19, 181, 947
List the prime factors of 614230517.
2273, 270229
List the prime factors of 281942418.
2, 3, 23, 2043061
What are the prime factors of 67942149?
3, 11, 17, 163, 743
List the prime factors of 1592057161.
109, 14606029
What are the prime factors of 251126068?
2, 443, 141719
What are the prime factors of 379122657?
3, 97, 1302827
What are the prime factors of 2973794072?
2, 371724259
List the prime factors of 75772101.
3, 1543, 16369
What are the prime factors of 114312126?
2, 3, 937, 20333
What are the prime factors of 415478797?
415478797
What are the prime factors of 147477931?
61, 2417671
What are the prime factors of 2106918542?
2, 23, 45802577
List the prime factors of 607905490.
2, 5, 601, 101149
List the prime factors of 88368888.
2, 3, 3682037
List the prime factors of 53450745.
3, 5, 3563383
List the prime factors of 26738104.
2, 3342263
What are the prime factors of 58948950?
2, 3, 5, 163, 2411
What are the prime factors of 44909162?
2, 67, 73, 4591
List the prime factors of 141696904.
2, 17, 1041889
What are the prime factors of 6399822?
2, 3, 11, 13, 7459
List the prime factors of 11871578.
2, 5935789
What are the prime factors of 104183069?
104183069
List the prime factors of 1694476377.
3, 11, 17, 91529
What are the prime factors of 102805334?
2, 51402667
What are the prime factors of 631034820?
2, 3, 5, 13, 89891
What are the prime factors of 46401836?
2, 13, 743, 1201
List the prime factors of 1848556169.
509, 3631741
What are the prime factors of 52831073?
52831073
List the prime factors of 8068853.
13, 199, 3119
List the prime factors of 516754224.
2, 3, 7, 601, 853
List the prime factors of 1912443840.
2, 3, 5, 664043
What are the prime factors of 711544965?
3, 5, 19, 37, 67477
What are the prime factors of 133613189?
239, 559051
What are the prime factors of 522641726?
2, 261320863
List the prime factors of 47920780.
2, 5, 2396039
List the prime factors of 58038770.
2, 5, 5803877
List the prime factors of 44515723.
7, 139, 45751
What are the prime factors of 1611339409?
1611339409
List the prime factors of 129795894.
2, 3, 79, 97, 941
What are the prime factors of 7854691502?
2, 7, 239, 2347487
List the prime factors of 7872934.
2, 37, 106391
List the prime factors of 196505373.
3, 31, 2112961
What are the prime factors of 57438728?
2, 23, 487, 641
List the prime factors of 8069349898.
2, 1097, 3677917
What are the prime factors of 5125952672?
2, 31, 5167291
What are the prime factors of 72994524?
2, 3, 6082877
What are the prime factors of 461010031?
461010031
List the prime factors of 2162776054.
2, 659, 1640953
What are the prime factors of 48918891?
3, 7, 2329471
List the prime factors of 37758165.
3, 5, 2517211
List the prime factors of 261322179.
3, 87107393
List the prime factors of 1615097583.
3, 11, 941, 5779
What are the prime factors of 186767206?
2, 93383603
List the prime factors of 31306336.
2, 978323
What are the prime factors of 3210666795?
3, 5, 7, 3397531
List the prime factors of 518696992.
2, 11, 109, 1229
What are the prime factors of 660214826?
2, 330107413
What are the prime factors of 36162421?
36162421
List the prime factors of 609235431.
3, 7, 23, 1261357
What are the prime factors of 118275698?
2, 17, 3478697
List the prime factors of 1348192749.
3, 79, 5688577
What are the prime factors of 45248563?
45248563
What are the prime factors of 378537587?
211, 1794017
What are the prime factors of 36314012?
2, 7, 1296929
List the prime factors of 289654643.
103, 2812181
What are the prime factors of 1186418688?
2, 3, 7, 13, 1061
List the prime factors of 1323672116.
2, 13, 4373, 5821
List the prime factors of 467663283.
3, 19, 67, 40819
List the prime factors of 3509669.
313, 11213
List the prime factors of 173663455.
5, 7, 23, 29, 43, 173
List the prime factors of 99984218.
2, 449, 111341
List the prime factors of 31347526.
2, 7, 59, 37951
What are the prime factors of 2269072956?
2, 3, 47, 4023179
What are the prime factors of 777189869?
43, 1163, 15541
List the prime factors of 4558494776.
2, 11, 409, 126653
List the prime factors of 1363122087.
3, 454374029
What are the prime factors of 92219864?
2, 11, 43, 24371
List the prime factors of 1426532446.
2, 29, 24595387
What are the prime factors of 2092032787?
13, 160925599
List the prime factors of 4420395164.
2, 1105098791
List the prime factors of 2375840735.
5, 41, 11589467
What are the prime factors of 942525249?
3, 314175083
List the prime factors of 96198243.
3, 107, 299683
List the prime factors of 158123596.
2, 17, 311, 7477
List the prime factors of 166004805.
3, 5, 19, 199, 2927
What are the prime factors of 531307148?
2, 132826787
What are the prime factors of 3359924152?
2, 13, 251, 9901
List the prime factors of 69042687.
3, 7, 3287747
What are the prime factors of 97733865?
3, 5, 2089, 3119
List the prime factors of 642902427.
3, 41, 173, 373
List the prime factors of 51347650.
2, 5, 17, 193, 313
List the prime factors of 65565605.
5, 7, 139, 13477
What are the prime factors of 1139822846?
2, 307, 359, 5171
What are the prime factors of 2567601593?
2567601593
What are the prime factors of 1283152926?
2, 3, 11, 241, 80671
What are the prime factors of 4222442535?
3, 5, 281496169
List the prime factors of 252333977.
7, 5149673
List the prime factors of 255091584.
2, 3, 11, 131, 461
What are the prime factors of 788317298?
2, 103, 1723, 2221
List the prime factors of 156371221.
151, 1035571
What are the prime factors of 137183899?
97, 1414267
List the prime factors of 2709740.
2, 5, 11, 109, 113
List the prime factors of 98866568.
2, 29, 47, 9067
List the prime factors of 111897872.
2, 293, 23869
What are the prime factors of 947692973?
29633, 31981
List the prime factors of 37095193.
37095193
What are the prime factors of 45401954?
2, 13, 23, 3301
What are the prime factors of 